{"id":99,"date":"2018-10-08T22:21:44","date_gmt":"2018-10-08T20:21:44","guid":{"rendered":"https:\/\/objetsparticipatif.fr\/site\/?page_id=99"},"modified":"2025-07-05T07:47:17","modified_gmt":"2025-07-05T05:47:17","slug":"domaines","status":"publish","type":"page","link":"https:\/\/objetsparticipatif.fr\/site\/","title":{"rendered":"Domaines"},"content":{"rendered":"\n<h2 class=\"wp-block-heading has-large-font-size\"><strong>L\u2019intelligence collective <\/strong><\/h2>\n\n\n\n<p class=\"has-medium-font-size\">Je facilite les conditions \u00e0 l&rsquo;\u00e9mergence de l&rsquo;intelligence collective au sein des groupes, en cr\u00e9ant les conditions de la confiance, en proposant un cadre de s\u00e9curit\u00e9, en communiquant les intentions et les objectifs \u00e0 tous.<\/p>\n\n\n\n<p class=\"has-medium-font-size\">Je m&rsquo;adapte au groupe, je suis \u00e0 l&rsquo;\u00e9coute de l&rsquo;ensemble des participants. <\/p>\n\n\n\n<h2 class=\"wp-block-heading has-large-font-size\"><strong>L\u2019art de la rencontre et du dialogue <\/strong><\/h2>\n\n\n\n<p class=\"has-medium-font-size\">Je prends soin de cultiver le champ du dialogue en cr\u00e9ant les conditions d&rsquo;\u00e9coute et de rencontre entre toutes les parties prenantes.<\/p>\n\n\n\n<p class=\"has-medium-font-size\">L&rsquo;\u00e9coute avec attention permet d&rsquo;accueillir l&rsquo;histoire, les ressentis, les points de vue de chacun et chacune. <\/p>\n\n\n\n<p class=\"has-medium-font-size\">Ces paroles sont pr\u00e9cieuses pour nourrir le \u00ab\u00a0Nous\u00a0\u00bb, nourrir le groupe. Nous en prenons donc grand soin.<\/p>\n\n\n\n<p class=\"has-medium-font-size\">La rencontre et l&rsquo;\u00e9coute nourrissent un socle essentiel aux d\u00e9marches collaboratives : &nbsp;la confiance mutuelle.<\/p>\n\n\n\n<h2 class=\"wp-block-heading has-large-font-size\"><strong>La gouvernance partag\u00e9e des organisations<\/strong><\/h2>\n\n\n\n<p class=\"has-medium-font-size\">J&rsquo;accompagne les associations, les collectifs et les entreprises qui souhaitent d\u00e9couvrir et mettre en place la gouvernance partag\u00e9e pour faire \u00e9voluer leur fonctionnement.<\/p>\n\n\n\n<h2 class=\"wp-block-heading has-large-font-size\"><strong>Le syst\u00e8me restauratif au sein des organisations<\/strong><\/h2>\n\n\n\n<p class=\"has-medium-font-size\">Je vous accompagne pour d\u00e9ployer un syst\u00e8me restauratif au sein de votre organisation. Ensemble, nous cr\u00e9ons un cadre commun : le \u00ab\u00a0syst\u00e8me restauratif\u00a0\u00bb. <\/p>\n\n\n\n<p class=\"has-medium-font-size\">Ce cadre commun permet de pr\u00e9venir, r\u00e9guler les tensions et les conflits.  Il permet aussi de se doter de moyens pour restaurer les relations quand le conflit est pr\u00e9sent.<\/p>\n\n\n\n<figure class=\"wp-block-image size-full is-style-rounded\"><img loading=\"lazy\" decoding=\"async\" width=\"512\" height=\"512\" src=\"https:\/\/objetsparticipatif.fr\/site\/wp-content\/uploads\/2018\/09\/cropped-IMG_2341-e1538036780299.jpg\" alt=\"\" class=\"wp-image-33\" srcset=\"https:\/\/objetsparticipatif.fr\/site\/wp-content\/uploads\/2018\/09\/cropped-IMG_2341-e1538036780299.jpg 512w, https:\/\/objetsparticipatif.fr\/site\/wp-content\/uploads\/2018\/09\/cropped-IMG_2341-e1538036780299-150x150.jpg 150w, https:\/\/objetsparticipatif.fr\/site\/wp-content\/uploads\/2018\/09\/cropped-IMG_2341-e1538036780299-300x300.jpg 300w, https:\/\/objetsparticipatif.fr\/site\/wp-content\/uploads\/2018\/09\/cropped-IMG_2341-e1538036780299-100x100.jpg 100w, https:\/\/objetsparticipatif.fr\/site\/wp-content\/uploads\/2018\/09\/cropped-IMG_2341-e1538036780299-270x270.jpg 270w, https:\/\/objetsparticipatif.fr\/site\/wp-content\/uploads\/2018\/09\/cropped-IMG_2341-e1538036780299-192x192.jpg 192w, https:\/\/objetsparticipatif.fr\/site\/wp-content\/uploads\/2018\/09\/cropped-IMG_2341-e1538036780299-180x180.jpg 180w, https:\/\/objetsparticipatif.fr\/site\/wp-content\/uploads\/2018\/09\/cropped-IMG_2341-e1538036780299-32x32.jpg 32w\" sizes=\"auto, (max-width: 512px) 100vw, 512px\" \/><\/figure>\n\n\n\n<h2 class=\"wp-block-heading\"><\/h2>\n","protected":false},"excerpt":{"rendered":"<p>L\u2019intelligence collective Je facilite les conditions \u00e0 l&rsquo;\u00e9mergence de l&rsquo;intelligence collective au sein des groupes, en cr\u00e9ant les conditions de la confiance, en proposant un cadre de s\u00e9curit\u00e9, en communiquant les intentions et les objectifs \u00e0 tous. Je m&rsquo;adapte au groupe, je suis \u00e0 l&rsquo;\u00e9coute de l&rsquo;ensemble des participants. L\u2019art de la rencontre et du &hellip; <\/p>\n<p class=\"link-more\"><a href=\"https:\/\/objetsparticipatif.fr\/site\/\" class=\"more-link\">Continuer la lecture<span class=\"screen-reader-text\"> de &laquo;&nbsp;Domaines&nbsp;&raquo;<\/span><\/a><\/p>\n","protected":false},"author":1,"featured_media":307,"parent":0,"menu_order":0,"comment_status":"closed","ping_status":"closed","template":"","meta":{"footnotes":""},"class_list":["post-99","page","type-page","status-publish","has-post-thumbnail","hentry"],"_links":{"self":[{"href":"https:\/\/objetsparticipatif.fr\/site\/wp-json\/wp\/v2\/pages\/99","targetHints":{"allow":["GET"]}}],"collection":[{"href":"https:\/\/objetsparticipatif.fr\/site\/wp-json\/wp\/v2\/pages"}],"about":[{"href":"https:\/\/objetsparticipatif.fr\/site\/wp-json\/wp\/v2\/types\/page"}],"author":[{"embeddable":true,"href":"https:\/\/objetsparticipatif.fr\/site\/wp-json\/wp\/v2\/users\/1"}],"replies":[{"embeddable":true,"href":"https:\/\/objetsparticipatif.fr\/site\/wp-json\/wp\/v2\/comments?post=99"}],"version-history":[{"count":15,"href":"https:\/\/objetsparticipatif.fr\/site\/wp-json\/wp\/v2\/pages\/99\/revisions"}],"predecessor-version":[{"id":368,"href":"https:\/\/objetsparticipatif.fr\/site\/wp-json\/wp\/v2\/pages\/99\/revisions\/368"}],"wp:featuredmedia":[{"embeddable":true,"href":"https:\/\/objetsparticipatif.fr\/site\/wp-json\/wp\/v2\/media\/307"}],"wp:attachment":[{"href":"https:\/\/objetsparticipatif.fr\/site\/wp-json\/wp\/v2\/media?parent=99"}],"curies":[{"name":"wp","href":"https:\/\/api.w.org\/{rel}","templated":true}]}}